) in base 13?
859
What is -79c0 (base 13) in base 2?
-100001010100000
What is -eb (base 15) in base 12?
-165
What is 289 (base 13) in base 6?
2031
What is 496 (base 11) in base 12?
411
1011121 (base 3) to base 5
11403
Convert -2701 (base 14) to base 6.
-51433
Convert 3146 (base 9) to base 2.
100100000110
What is 1202102212 (base 3) in base 15?
a3a8
Convert 1443 (base 6) to base 13.
23a
Convert 1341234 (base 5) to base 12.
1403a
2342201 (base 5) to base 9
65511
Convert 1860 (base 13) to base 15.
111c
What is -11160 (base 9) in base 15?
-2300
-351 (base 14) to base 11
-54a
Convert -2098 (base 16) to base 3.
-102110001
1123 (base 9) to base 4
30333
Convert -2011111 (base 3) to base 16.
-62b
Convert -3d (base 15) to base 10.
-58
Convert 3310000 (base 4) to base 13.
7153
What is -85 (base 12) in base 2?
-1100101
Convert 3573 (base 14) to base 16.
2461
Convert -300221 (base 4) to base 14.
-11c5
Convert -1031 (base 4) to base 12.
-65
Convert b604 (base 13) to base 8.
61141
Convert 85c6 (base 13) to base 8.
44227
5642 (base 9) to base 13
1b89
What is 12444 (base 7) in base 6?
23203
What is 203 (base 5) in base 2?
110101
What is -15133 (base 6) in base 7?
-10044
Convert -75144 (base 8) to base 11.
-215a4
What is 5550 (base 13) in base 6?
131023
Convert -50 (base 15) to base 9.
-83
Convert -50315 (base 6) to base 8.
-14707
21012 (base 3) to base 11
167
3103 (base 4) to base 10
211
51b (base 13) to base 5
11434
5110 (base 9) to base 6
25143
-5619 (base 10) to base 5
-134434
What is -10310032 (base 4) in base 2?
-100110100001110
Convert 1325 (base 8) to base 5.
10400
Convert -33201 (base 5) to base 3.
-10011020
Convert 349 (base 15) to base 3.
1000120
What is -1714 (base 8) in base 7?
-2556
What is -102032 (base 5) in base 8?
-6500
What is -2220001 (base 3) in base 2?
-100000111011
What is 3010310 (base 4) in base 15?
3aeb
Convert -306206 (base 7) to base 6.
-1043235
-32547 (base 9) to base 16
-5455
What is 15797 (base 14) in base 8?
150611
What is -30010001 (base 4) in base 10?
-49409
What is -33054 (base 6) in base 2?
-1000111011010
Convert -7e8 (base 15) to base 8.
-3401
-29 (base 16) to base 13
-32
Convert -111311 (base 4) to base 8.
-2565
-b51c (base 13) to base 16
-61cd
What is -1000111100011 (base 2) in base 16?
-11e3
-1001110100010101 (base 2) to base 12
-1b331
Convert 244 (base 13) to base 4.
12022
What is 110100 (base 3) in base 9?
410
17843 (base 9) to base 7
51003
What is -1001010100 (base 2) in base 5?
-4341
Convert -41163 (base 10) to base 4.
-22003023
Convert -429 (base 11) to base 14.
-28b
Convert -160045 (base 7) to base 9.
-46767
-22121 (base 4) to base 13
-3c2
What is -1477 (base 9) in base 5?
-13443
Convert -162 (base 12) to base 2.
-11011010
Convert 614 (base 9) to base 15.
234
1 (base 12) to base 13
1
What is -112001021 (base 3) in base 13?
-4879
What is -310 (base 5) in base 6?
-212
What is 111321 (base 4) in base 3?
1220220
Convert -290 (base 14) to base 6.
-2222
What is -515 (base 8) in base 16?
-14d
Convert -21435 (base 9) to base 13.
-660b
1323021 (base 4) to base 2
1111011001001
What is -60781 (base 9) in base 16?
-9c46
c9c (base 15) to base 2
101100011111
Convert -a386 (base 12) to base 8.
-42626
What is 1778 (base 9) in base 3?
1212122
Convert 3073 (base 9) to base 6.
14233
-7422 (base 8) to base 4
-330102
What is 686 (base 11) in base 15?
39a
Convert a185 (base 14) to base 7.
143625
What is 10012 (base 11) in base 12?
8592
What is -22100 (base 3) in base 9?
-270
What is -879 (base 12) in base 9?
-1633
-101301 (base 6) to base 7
-32422
Convert -bb9 (base 15) to base 10.
-2649
Convert 58a (base 16) to base 4.
112022
What is 330224 (base 7) in base 4?
32012030
What is 4607 (base 8) in base 10?
2439
-725 (base 9) to base 3
-210212
Convert -641 (base 15) to base 16.
-583
Convert -11013 (base 4) to base 11.
-278
-2122222 (base 4) to base 6
-113454
What is 1901 (base 11) in base 6?
15113
Convert 15d (base 15) to base 2.
100111001
-46087 (base 9) to base 11
-21077
-1254 (base 14) to base 13
-15cc
-40c9 (base 13) to base 2
-10001011111001
What is -230506 (base 7) in base 13?
-15901
Convert -9cd (base 14) to base 2.
-11110011001
What is 200120211 (base 3) in base 13?
6223
Convert 3904 (base 13) to base 16.
1fb4
What is 341 (base 7) in base 9?
215
Convert 11252 (base 6) to base 16.
650
-199 (base 15) to base 6
-1413
-4452 (base 6) to base 11
-866
What is 3551 (base 14) in base 6?
110551
What is ee (base 15) in base 3?
22022
-100001110 (base 2) to base 3
-101000
Convert -1010011001100101 (base 2) to base 11.
-2a005
-2fa (base 16) to base 6
-3310
Convert 10355 (base 7) to base 8.
5034
-1220201 (base 3) to base 4
-111310
696 (base 13) to base 9
1503
Convert 28aa (base 12) to base 3.
20111111
-14084 (base 10) to base 13
-6545
What is 1bd9 (base 15) in base 10?
6054
Convert -1471 (base 12) to base 4.
-211111
Convert 611 (base 9) to base 5.
3441
Convert -203 (base 13) to base 7.
-665
72d1 (base 14) to base 6
231331
12535 (base 8) to base 12
31b9
Convert -4 (base 8) to base 14.
-4
Convert 93c4 (base 14) to base 7.
134134
Convert -910 (base 16) to base 5.
-33240
-151314 (base 7) to base 3
-1111012200
-7282 (base 11) to base 5
-302044
Convert -154 (base 13) to base 6.
-1034
What is 13410 (base 6) in base 5?
31334
Convert 1160 (base 9) to base 6.
4000
What is 122110 (base 4) in base 8?
3224
What is -494 (base 16) in base 14?
-5da
Convert 20213 (base 5) to base 12.
910
3690 (base 10) to base 4
321222
What is 111233 (base 6) in base 10?
9381
Convert -731 (base 9) to base 11.
-4a1
Convert -100101001111 (base 2) to base 8.
-4517
1001111110000110 (base 2) to base 16
9f86
What is -20122 (base 5) in base 8?
-2407
917 (base 15) to base 13
c16
402100 (base 5) to base 16
31e7
-45103 (base 8) to base 14
-6cdd
55b (base 16) to base 2
10101011011
What is -2001101100 (base 3) in base 11?
-28374
Convert 1635 (base 15) to base 7.
16631
Convert -121021 (base 3) to base 7.
-1165
-47255 (base 9) to base 4
-13231013
-330 (base 4) to base 6
-140
-1220010 (base 3) to base 8
-2544
What is -2100011011 (base 3) in base 2?
-1011001111010111
1071 (base 12) to base 2
11100010101
What is 26587 (base 10) in base 15?
7d27
Convert 4153 (base 16) to base 15.
4e4d
Convert -221221210 (base 3) to base 13.
-87c6
Convert 16a (base 13) to base 6.
1105
156630 (base 7) to base 10
31185
1e5 (base 16) to base 6
2125
Convert -1101100010001 (base 2) to base 8.
-15421
219 (base 13) to base 14
1ba
-4014 (base 5) to base 3
-200212
31 (base 12) to base 7
52
Convert -66006 (base 7) to base 14.
-6006
3839 (base 11) to base 4
1032023
1003201 (base 4) to base 7
15412
What is -4242132 (base 5) in base 8?
-213566
5227 (base 8) to base 5
41321
Convert -b97 (base 12) to base 11.
-1305
What is 100110 (base 2) in base 14?
2a
Convert 3141 (base 9) to base 16.
901
Convert 1230 (base 6) to base 9.
370
Convert -22121 (base 3) to base 9.
-277
What is 144a (base 13) in base 16?
b77
-6076 (base 14) to base 13
-7706
Convert -2204 (base 5) to base 6.
-1224
What is -94d2 (base 16) in base 8?
-112322
Convert 44033 (base 5) to base 3.
11010210
What is 79b6 (base 13) in base 4?
10022121
-10343 (base 6) to base 8
-2627
-26760 (base 10) to base 6
-323520
1a1 (base 14) to base 3
110111
297 (base 11) to base 15
183
Convert -24106 (base 11) to base 14.
-c92d
Convert 341032 (base 5) to base 6.
131345
1445 (base 9) to base 14
582
What is 10101011011 (base 2) in base 3?
1212210
What is -301515 (base 7) in base 15?
-101b6
Convert 22 (base 7) to base 6.
24
Convert -33136 (base 10) to base 3.
-1200110021
Convert -27ec (base 16) to base 11.
-7751
What is a8 (base 13) in base 5?
1023
-11111001110 (base 2) to base 13
-ba9
What is 331023 (base 5) in base 15?
3593
-10a16 (base 11) to base 15
-4a7d
What is 4656 (base 15) in base 3?
202111000
What is 3142400 (base 5) in base 10?
52850
9d (base 16) to base 6
421
1fa (base 16) to base 15
23b
What is 20022 (base 3) in base 16?
aa
Convert -276 (base 13) to base 2.
-110110011
What is 761 (base 8) in base 13?
2c3
What is 41 (base 16) in base 9?
72
What is fe7 (base 16) in base 3?
12120210
What is -35024 (base 6) in base 3?
-20211121
What is 12c (base 15) in base 7?
531
325 (base 14) to base 15
2b6
Convert cd1 (base 14) to base 7.
10251
103210 (base 4) to base 9
1641
403334 (base 5) to